pose -30 = 9*f - 588. Suppose f = 6*w + 26. Let b(t) = t - 13. Let y be b(17). Calculate the greatest common factor of y and w.
2
Let h be 9/(405/230) - (-2)/(-18). Suppose 2*m + 17 = h*m - 4*q, 0 = -m - 3*q + 23. Calculate the highest common divisor of m and 187.
11
Let a be -1 - (-101 - 20/(-5)). Let y = 3841 - 3829. What is the greatest common factor of y and a?
12
Let b(l) = 2*l + 20. Suppose u = -3*v - 6 - 11, 2*u = -4*v - 28. Let s be b(u). What is the greatest common divisor of 8 and s?
4
Let r = 8139 + -5989. Calculate the highest common factor of 350 and r.
50
Suppose -3*i + 255 = -6*d + 87, -2*d = i - 40. Calculate the highest common factor of i and 54.
6
Suppose 38*q - 32*q - 12 = 0. Suppose 8 = q*f, -3*w = -0*w - 2*f - 256. Let h = 6 + 5. Calculate the highest common factor of h and w.
11
Let r be 6/63 - 3073/(-147). Suppose 5*d - 576 = 2364. Calculate the highest common divisor of r and d.
21
Suppose -j = -2*t - 40, -5*t + 0*t = -2*j + 85. Suppose -10*s = 3*s + 17*s. Suppose s = -j*k + 31*k - 17. What is the highest common factor of k and 17?
17
Let y(x) = 6*x + x - 2*x - 69. Let s(m) = 122*m + 506. Let g be s(-4). Let k be y(g). What is the highest common divisor of k and 42?
21
Suppose -4*q = l - 42, 0 = 3*l - 5*q + 43 - 203. Suppose 53*x = l*x + 240. What is the highest common divisor of 120 and x?
40
Suppose 0 = 5*n - 4*p - 2819, 4*n - 3*p - 1418 = 838. Calculate the greatest common divisor of 35 and n.
7
Let u = 43 - -5. Suppose 0 = r - 2, -7*r + 2*r + u = -2*g. Let d = 1 - g. Calculate the greatest common factor of 60 and d.
20
Suppose -5*q = l - 1865, -31*l = -27*l - q - 7481. What is the greatest common factor of l and 4930?
170
Let b = -1031 + 1103. Let m(q) = -2*q**3 - 7*q**2 + 7*q - 6. Let k be m(-7). What is the highest common factor of b and k?
72
Let y(m) = -m**2 + 19*m + 182. Let b be y(-7). Let w be -1 - (b + -8) - (-128 + -8). Let v = 44 - 31. What is the highest common factor of w and v?
13
Suppose 0 = j - a - 3, -7*j + 4*j + 45 = 3*a. Calculate the greatest common divisor of j and 58.
1
Let g(n) = 903*n - 2133. Let r be g(3). Calculate the highest common factor of r and 1368.
72
Suppose -15 = -4*m - 3. Suppose -2*n + 148 + 70 = 0. Suppose 2*x = -2*d + 42, -m*x + 8*x = -3*d + n. Calculate the greatest common factor of x and 253.
23
Let c(i) = -i**3 + 29*i**2 - 90*i - 106. Let y be c(25). What is the highest common divisor of y and 27?
9
Let o(c) = -93*c + 776. Let l be o(3). Calculate the highest common divisor of 14 and l.
7
Suppose -k = 15 - 18. Suppose -4*f = -k*f - 4, -3*r + 465 = 3*f. Let g = -100 + r. What is the highest common divisor of g and 3?
3
Let r be (-1 + 23/(-3))/(17561/1173 - 15). Calculate the highest common divisor of r and 1357.
23
Let i be ((-385)/110)/((-2)/(-16))*-68. Calculate the highest common factor of i and 51.
17
Suppose -18*a + 38*a - 400 = 0. Let i(t) = -8*t - 12. Let k be i(-5). Let f = k + a. What is the greatest common divisor of 32 and f?
16
Let h(s) = -s**2 + 24*s - 53. Let b(l) = -l**3 - 6*l**2 - 6*l - 22. Let k be b(-6). Let z be h(k). What is the greatest common factor of 1653 and z?
87
Let j = 2303 - 2098. What is the highest common divisor of j and 55?
5
Let w be (-792)/(-54) + (-16)/(-48). Suppose 4*b = -4*h + 112, 4*h + 30 = -3*b + 144. Calculate the highest common divisor of w and h.
15
Suppose 0 = 2*o - 3*v + 3, 4*o + 61*v - 63*v - 14 = 0. What is the highest common factor of o and 2712?
6
Let w(y) = -y**3 + 11*y**2 - 12*y + 32. Let a = -121 - -131. Let x be w(a). Calculate the greatest common divisor of x and 60.
12
Let r be 123 + 253 + (21/9 - 2)*0. Calculate the greatest common factor of r and 20.
4
Suppose 37*v + 35*v - 624 = 24. What is the highest common divisor of v and 729?
9
Let v be (-11 - (-207)/18) + (-1212)/(-24). Let z = -219 - -576. What is the greatest common factor of v and z?
51
Let f = -4063 + 9904. Calculate the highest common factor of 99 and f.
99
Let w be (-3298)/595*-14 + 2/5. Calculate the greatest common factor of 30 and w.
6
Let t be (19/(-4))/(((-475)/100)/19). Suppose -2*r = 154 - 800. What is the highest common factor of t and r?
19
Suppose -7*m + 215 - 82 = 0. Suppose -4*p - 91 = -v - m, 3*p = 5*v - 377. What is the greatest common factor of v and 4?
4
Let m be ((-5734)/366)/(0 + (-2)/384). What is the highest common divisor of 658 and m?
94
Let r(v) = -v**3 + 5*v**2 - 2*v - 1. Let u be r(4). Let b be ((-108)/15)/(-6)*35. Suppose -35 = -z + b. Calculate the highest common factor of u and z.
7
Let s = 1138 + -1078. Let y be (s/14)/(42/3920). Suppose -3*b = b - 200. Calculate the greatest common divisor of y and b.
50
Suppose 0 = -4*z + z + 6. Let n be (-306)/z*(-5 - -4). Let l be 249/15 - 8/(-20). Calculate the greatest common divisor of l and n.
17
Let w be (-17 - 27)*45/(-12). Calculate the highest common factor of 1045 and w.
55
Suppose 515 = -18*f - 25. Let j be ((-44135)/f)/7 + 9/(-54). Calculate the greatest common factor of 70 and j.
70
Suppose -2*x - 184 = -l, -2*l + 479 = -5*x + 114. What is the highest common factor of 722 and l?
38
Let m = -146 - -150. Suppose -3*c = -4*k + 243, 7*c = m*c - 3. What is the greatest common factor of k and 15?
15
Let i = 464 + -394. Let p be (-532)/(-126) - 2/9. Suppose -5*n = -w - 1, 6 + 6 = p*n. What is the highest common divisor of w and i?
14
Let w(r) = 33*r - 18*r - 19*r - 50. Let f be w(-12). Let q = f - -47. What is the highest common factor of 18 and q?
9
Let w = -191 - -194. Suppose -w*p - 155 = 5*f - 456, 0 = 4*p - 2*f - 410. Calculate the highest common factor of p and 6.
6
Suppose 69*a - 138162 = 99376 + 522980. Calculate the highest common divisor of 66 and a.
66
Let s(p) = 6 - 3*p**2 + 3*p**2 - 3*p + p**2. Let d be s(5). Let t(h) = 2*h**2 - 40*h + 214. Let i be t(21). What is the greatest common divisor of i and d?
16
Let n = 52 + -99. Let h = 52 + n. Suppose h*o - 109 + 19 = 0. Calculate the highest common divisor of o and 12.
6
Let v be (2 + 4*16)*1. Suppose 0 = 5*j + h + 2*h - v, 3*h - 6 = 0. Let w be 2/4 - (-95)/38. What is the highest common divisor of w and j?
3
Let k(t) = 3*t**2 + 6*t - 76. Let v be k(-7). Let w = -15 + v. Suppose 0 = 2*g + 2, 5*g + 40 = -0*u + u. What is the greatest common factor of u and w?
7
Suppose -5*u - 4*l + 698 = 0, -3*l + 5*l - 4 = 0. Suppose 2*j - 42 - 648 = 0. Calculate the greatest common divisor of u and j.
69
Let f be 175 + (-2 - 12/(-9))/(14/63). What is the greatest common divisor of f and 41796?
172
Suppose -70*i + 69*i - 4075 = -3*l, 15 = 3*i. Calculate the highest common divisor of l and 85.
85
Let s = 4568 + -4540. Calculate the highest common divisor of 1267 and s.
7
Let g(m) = 35*m - 10. Let d be g(-7). Let j = -5292 - -5137. Let i = j - d. Calculate the greatest common divisor of i and 40.
20
Let g = 7 + -1. Let h = 2283 - 2169. What is the greatest common factor of h and g?
6
Suppose -x = 3*x - 12. Suppose -168 = -3*f + 7*f - 4*s, -x*f - 119 = 4*s. Let r = 45 + f. Calculate the greatest common divisor of 36 and r.
4
Suppose -9*l + 3*l = -210. Suppose 13 + l = a. Suppose -2*k - 2*n + a = 0, n + 79 = 3*k - 3*n. What is the highest common factor of 75 and k?
25
Let y be (-9)/(-16)*4 - 4/16. Suppose 5*c = 9*s - 10*s + 397, y*c - 1139 = -3*s. Calculate the greatest common divisor of 39 and s.
13
Let d be ((-6)/8)/(-11 + 2975/280). Suppose -w - 2*w = -6. What is the greatest common factor of w and d?
2
Let u = -855 + 817. Let i be (0 + 1 + -4)/(u/570). Calculate the greatest common factor of 5 and i.
5
Let i = -2660 + 2704. Let v be (-1*44/(-8))/((-2)/(-28)). What is the greatest common factor of v and i?
11
Suppose 86*h - 87*h + 284 = -3*m, 3*h = 4*m + 832. What is the greatest common factor of 1479 and h?
17
Suppose 252 = 4*k + 6*c, -4*k - 59*c = -60*c - 210. Let b = 31 + 5. What is the highest common factor of k and b?
18
Suppose -36*b + 35*b + 5*i + 948 = 0, 0 = -4*b + 5*i + 3792. What is the greatest common divisor of 108 and b?
12
Suppose -168*v - 143*v = 3923 + 6029. Let j = -1 - 35. Let p = v - j. Calculate the greatest common divisor of p and 1.
1
Let v(q) = -4*q**3 - 4*q**2 - q - 7. Let w be v(-3). Suppose 2*d - w - 198 = 0. What is the highest common factor of 19 and d?
19
Let u = -89 - -143. Let y = 0 + 2. Suppose 7*k = -y*k 